{"id":4329,"date":"2024-12-18T22:07:31","date_gmt":"2024-12-18T21:07:31","guid":{"rendered":"https:\/\/moebel-faber.de\/meubilair-lingen\/"},"modified":"2025-02-14T16:06:26","modified_gmt":"2025-02-14T15:06:26","slug":"meubilair-lingen","status":"publish","type":"page","link":"https:\/\/moebel-faber.de\/nl\/meubilair-lingen\/","title":{"rendered":"Meubilair Lingen"},"content":{"rendered":"<section class=\"l-section wpb_row height_medium full_height valign_center color_primary with_img parallax_ver\"><div class=\"l-section-img\" role=\"img\" aria-label=\"Afbeelding\" data-img-width=\"1000\" data-img-height=\"707\" style=\"background-image: url(https:\/\/moebel-faber.de\/wp-content\/uploads\/2024\/12\/Scala_Amarant_M.png);\"><\/div><div class=\"l-section-overlay\" style=\"background:linear-gradient(90deg,rgba(255,255,255,0.95),rgba(0,0,0,0.00))\"><\/div><div class=\"l-section-h i-cf\"><div class=\"g-cols vc_row via_grid cols_1 laptops-cols_inherit tablets-cols_1 mobiles-cols_1 valign_top type_default reversed stacking_default\" style=\"--columns-gap:0rem;\"><div class=\"wpb_column vc_column_container us_custom_e5713a0c\"><div class=\"vc_column-inner\"><div class=\"w-separator size_small\"><\/div><h1 class=\"w-text us_custom_2369256f has_text_color icon_atleft\"><span class=\"w-text-h\"><i class=\"fal fa-loveseat\"><\/i><span class=\"w-text-value\">Meubilair Lingen<\/span><\/span><\/h1><div class=\"w-hwrapper valign_middle wrap align_none\" style=\"--hwrapper-gap:3rem\"><div class=\"wpb_text_column us_custom_9e2a34b4 has_text_color\"><div class=\"wpb_wrapper\"><p>Vind hoogwaardige en moderne meubels bij M\u00f6bel Faber. We helpen je graag bij je zoektocht naar meubels.<\/p>\n<\/div><\/div><\/div><\/div><\/div><\/div><\/div><\/section><section class=\"l-section wpb_row height_medium\"><div class=\"l-section-h i-cf\"><div class=\"g-cols vc_row via_grid cols_3-2 laptops-cols_2 tablets-cols_inherit mobiles-cols_1 valign_middle type_default reversed stacking_default\" style=\"--columns-gap:5%;\"><div class=\"wpb_column vc_column_container\"><div class=\"vc_column-inner\"><div class=\"w-image align_none\"><div class=\"w-image-h\"><img decoding=\"async\" width=\"707\" height=\"1000\" src=\"https:\/\/moebel-faber.de\/wp-content\/uploads\/2024\/12\/AV6000_NCS_S4040_Y50R_AV2135_Kristallweiss_Regalboeden-1.png\" class=\"attachment-large size-large\" alt=\"\" loading=\"lazy\" srcset=\"https:\/\/moebel-faber.de\/wp-content\/uploads\/2024\/12\/AV6000_NCS_S4040_Y50R_AV2135_Kristallweiss_Regalboeden-1.png 707w, https:\/\/moebel-faber.de\/wp-content\/uploads\/2024\/12\/AV6000_NCS_S4040_Y50R_AV2135_Kristallweiss_Regalboeden-1-212x300.png 212w\" sizes=\"auto, (max-width: 707px) 100vw, 707px\" \/><\/div><\/div><\/div><\/div><div class=\"wpb_column vc_column_container\"><div class=\"vc_column-inner\"><div class=\"wpb_text_column\"><div class=\"wpb_wrapper\"><h2>Meubilair Lingen<\/h2>\n<p>Koop meubels bij M\u00f6bel Faber.<\/p>\n<p>Wil je meubels kopen en ben je op zoek naar een meubelwinkel? Dan ben je bij M\u00f6bel Faber aan het juiste adres. We plannen en verkopen al meer dan 29 jaar keukens en meubels. In onze meubelwinkel in Nordhorn bieden we je op een oppervlakte van 700 vierkante meter een grote selectie keukens, keukenapparatuur en meubels van bekende fabrikanten. Alle prijsklassen zijn hier vertegenwoordigd en we adviseren je graag individueel als je ge\u00efnteresseerd bent in keukens in Nordhorn of meubels in Nordhorn. Uitgebreide diensten maken ons de ideale partner voor je keukenplanning en de samenstelling van je interieurontwerp. Kies voor een bezoek aan M\u00f6bel Faber als je meubels wilt kopen en vooraf deskundig advies wilt krijgen. Tijdens een bezoek aan onze meubelshowroom helpen onze gespecialiseerde adviseurs je om je woonkamer- en keukendromen te realiseren. Met behulp van geavanceerde planningssoftware maken we je droomkeuken tastbaar voor je, nog voor hij bij je thuis arriveert. Onze medewerkers komen bij je thuis, meten de kamers op en wij leveren je meubels stipt op de afgesproken datum in Lingen of op een andere locatie naar keuze. Ons getrainde montagepersoneel zet je meubels of je droomkeuken in elkaar.<\/p><\/p>\n<\/div><\/div><\/div><\/div><\/div><\/div><\/section><section class=\"l-section wpb_row height_medium\"><div class=\"l-section-h i-cf\"><div class=\"g-cols vc_row via_grid cols_1 laptops-cols_inherit tablets-cols_inherit mobiles-cols_1 valign_top type_default stacking_default\"><div class=\"wpb_column vc_column_container\"><div class=\"vc_column-inner\"><h2 class=\"w-text us_custom_169fc2ae\"><span class=\"w-text-h\"><span class=\"w-text-value\">Onze diensten<\/span><\/span><\/h2><h5 class=\"w-text us_custom_c33016e6 has_text_color\"><span class=\"w-text-h\"><span class=\"w-text-value\">voor keukens en meubels<\/span><\/span><\/h5><div class=\"w-separator size_custom\" style=\"height:10px\"><\/div><div class=\"g-cols wpb_row via_grid cols_3 laptops-cols_inherit tablets-cols_2 mobiles-cols_1 valign_top type_default stacking_default\" style=\"--columns-gap:3rem;\"><div class=\"wpb_column vc_column_container\"><div class=\"vc_column-inner\"><div class=\"w-image has_ratio align_none\"><div class=\"w-image-h\"><div style=\"padding-bottom:150%\"><\/div><img decoding=\"async\" width=\"750\" height=\"1000\" src=\"https:\/\/moebel-faber.de\/wp-content\/uploads\/2024\/12\/AV6065_Eiche-schwarz_AV5065_NCS_Climber_online_D1.png\" class=\"attachment-large size-large\" alt=\"\" loading=\"lazy\" \/><\/div><\/div><\/div><\/div><div class=\"wpb_column vc_column_container\"><div class=\"vc_column-inner\"><div class=\"w-image has_ratio align_none\"><div class=\"w-image-h\"><div style=\"padding-bottom:150%\"><\/div><img decoding=\"async\" width=\"750\" height=\"1000\" src=\"https:\/\/moebel-faber.de\/wp-content\/uploads\/2024\/12\/AV6085-GL_Eiche-schwarz_Regal_online_D.png\" class=\"attachment-large size-large\" alt=\"\" loading=\"lazy\" \/><\/div><\/div><\/div><\/div><div class=\"wpb_column vc_column_container\"><div class=\"vc_column-inner\"><div class=\"wpb_text_column us_custom_4481559d\"><div class=\"wpb_wrapper\"><ul>\n<li>We bieden deskundig specialistisch advies<\/li>\n<li>We gebruiken moderne planningsprogramma&#8217;s<\/li>\n<li>We bezorgen je bestelde meubels bij je thuis<\/li>\n<li>Wij monteren meubels en keukens voor je<\/li>\n<li>We werken met je samen om financieringsopties te ontwikkelen<\/li>\n<li>Advies, planning en installatie &#8211; bij ons krijgt u alles uit \u00e9\u00e9n hand<\/li>\n<\/ul>\n<\/div><\/div><div class=\"w-separator size_custom\" style=\"height:10px\"><\/div><\/div><\/div><\/div><\/div><\/div><\/div><\/div><\/section><section class=\"l-section wpb_row us_custom_aad3daff height_medium\"><div class=\"l-section-h i-cf\"><div class=\"g-cols vc_row via_grid cols_2 laptops-cols_inherit tablets-cols_inherit mobiles-cols_1 valign_middle type_default stacking_default\" style=\"--columns-gap:4vw;\"><div class=\"wpb_column vc_column_container us_custom_33b9ee00\"><div class=\"vc_column-inner\"><h2 class=\"w-text us_custom_169fc2ae\"><span class=\"w-text-h\"><span class=\"w-text-value\">Meubels voor Lingen<\/span><\/span><\/h2><h5 class=\"w-text us_custom_c33016e6 has_text_color\"><span class=\"w-text-h\"><span class=\"w-text-value\">Keukens en meubels van professionals<\/span><\/span><\/h5><div class=\"wpb_text_column\"><div class=\"wpb_wrapper\"><div class=\"col-sm-7 col-xs-12 yo-text\">\n<p>Bij M\u00f6bel Faber vind je de juiste contactpersoon als je vragen hebt over meubels voor Lingen en omgeving. We zijn ook je betrouwbare metgezel op weg naar je droomkeuken. Laat je inspireren door onze keukengalerij op de website of bezoek ons rechtstreeks in onze showroom voor meubels en keukens. Je kunt ook aanbiedingen vergelijken op onze website. Heb je al een offerte voor een keuken ontvangen, maar wil je nu een second opinion? Je vindt hier een formulier dat je kunt invullen en naar ons kunt opsturen. We doen je dan graag een niet-bindend vergelijkend aanbod. Heb je al een precies idee van hoe je droomkeuken eruit moet zien? Gebruik onze keukenplanner om je idee\u00ebn om te zetten in realiteit en je eigen idee\u00ebn te realiseren. Voor meer inspiratie bij het samenstellen van je keuken en het kiezen van je meubelen raden we je aan een kijkje te nemen in onze catalogi. Meubels en keukens van vele bekende fabrikanten staan hier op je te wachten. Vind hier de fabrikant die het beste bij jouw smaak past.<\/p>\n<\/div>\n<\/div><\/div><div class=\"w-separator size_custom\" style=\"height:15px\"><\/div><\/div><\/div><div class=\"wpb_column vc_column_container\"><div class=\"vc_column-inner\"><div class=\"w-image align_none\"><div class=\"w-image-h\"><img decoding=\"async\" width=\"667\" height=\"1000\" src=\"https:\/\/moebel-faber.de\/wp-content\/uploads\/2024\/12\/Kueche_14_Hampton_GL_Umbra_natur_d.png\" class=\"attachment-large size-large\" alt=\"\" loading=\"lazy\" srcset=\"https:\/\/moebel-faber.de\/wp-content\/uploads\/2024\/12\/Kueche_14_Hampton_GL_Umbra_natur_d.png 667w, https:\/\/moebel-faber.de\/wp-content\/uploads\/2024\/12\/Kueche_14_Hampton_GL_Umbra_natur_d-200x300.png 200w\" sizes=\"auto, (max-width: 667px) 100vw, 667px\" \/><\/div><\/div><\/div><\/div><\/div><\/div><\/section><section class=\"l-section wpb_row us_custom_057801f8 height_medium\"><div class=\"l-section-h i-cf\"><div class=\"g-cols vc_row via_grid cols_2 laptops-cols_inherit tablets-cols_inherit mobiles-cols_1 valign_middle type_default stacking_default\" style=\"--columns-gap:4vw;\"><div class=\"wpb_column vc_column_container\"><div class=\"vc_column-inner\"><div class=\"w-image align_none\"><div class=\"w-image-h\"><img decoding=\"async\" width=\"667\" height=\"1000\" src=\"https:\/\/moebel-faber.de\/wp-content\/uploads\/2024\/12\/Kueche_15_2_Porto_GL_Eukalyptus.png\" class=\"attachment-large size-large\" alt=\"\" loading=\"lazy\" srcset=\"https:\/\/moebel-faber.de\/wp-content\/uploads\/2024\/12\/Kueche_15_2_Porto_GL_Eukalyptus.png 667w, https:\/\/moebel-faber.de\/wp-content\/uploads\/2024\/12\/Kueche_15_2_Porto_GL_Eukalyptus-200x300.png 200w\" sizes=\"auto, (max-width: 667px) 100vw, 667px\" \/><\/div><\/div><\/div><\/div><div class=\"wpb_column vc_column_container us_custom_33b9ee00\"><div class=\"vc_column-inner\"><h2 class=\"w-text us_custom_169fc2ae\"><span class=\"w-text-h\"><span class=\"w-text-value\">Meubels voor Lingen<\/span><\/span><\/h2><h5 class=\"w-text us_custom_c33016e6 has_text_color\"><span class=\"w-text-h\"><span class=\"w-text-value\">Richt je huis in stijl in<\/span><\/span><\/h5><div class=\"wpb_text_column\"><div class=\"wpb_wrapper\"><p>Bij M\u00f6bel Faber &#8211; uw aanspreekpunt voor meubels en keukens in Lingen en omgeving &#8211; kunt u meubels van talrijke fabrikanten verwachten. Omdat we je een breed assortiment producten aanbieden en goede contacten onderhouden met de fabrikanten, zijn speciale verzoeken ook mogelijk. Ons brede assortiment omvat gestoffeerde meubelen, eetkamers, slaapkamers en woonkamers. Gestoffeerde meubels maken een huis echt gezellig. Hier vind je banken, fauteuils en woonlandschappen die worden gekenmerkt door een hoog zitcomfort en een aantrekkelijk ontwerp. Je kunt opbergruimte cre\u00ebren in de woonkamer met planken, vitrinekasten, ladekasten en dressoirs. De eethoek is vaak het centrale ontmoetingspunt in een huis. Met een voldoende grote eettafel en comfortabele stoelen kun je je eethoek bijzonder uitnodigend maken. Meubels zoals vitrinekasten, ladekasten en dressoirs bieden hier ook opbergruimte. De slaapkamer speelt een speciale rol als plek om je terug te trekken en wordt een plek van welzijn met een knus bed. Ruim je slaapkamer op met ladekasten en garderobekasten van M\u00f6bel Faber.<\/p>\n<\/div><\/div><div class=\"w-separator size_custom\" style=\"height:15px\"><\/div><div class=\"w-btn-wrapper align_none\"><a class=\"w-btn us-btn-style_3\" href=\"https:\/\/faber.marketinghuus.de\/kontakt\/\"><span class=\"w-btn-label\">CONTACT ONS<\/span><\/a><\/div><\/div><\/div><\/div><\/div><\/section>\n","protected":false},"excerpt":{"rendered":"Meubilair LingenVind hoogwaardige en moderne meubels bij M\u00f6bel Faber. We helpen je graag bij je zoektocht naar meubels. Meubilair Lingen Koop meubels bij M\u00f6bel Faber. Wil je meubels kopen en ben je op zoek naar een meubelwinkel? Dan ben je bij M\u00f6bel Faber aan het juiste adres. We plannen en verkopen al meer dan 29...","protected":false},"author":1,"featured_media":0,"parent":0,"menu_order":0,"comment_status":"closed","ping_status":"closed","template":"","meta":{"footnotes":""},"class_list":["post-4329","page","type-page","status-publish","hentry"],"_links":{"self":[{"href":"https:\/\/moebel-faber.de\/nl\/wp-json\/wp\/v2\/pages\/4329","targetHints":{"allow":["GET"]}}],"collection":[{"href":"https:\/\/moebel-faber.de\/nl\/wp-json\/wp\/v2\/pages"}],"about":[{"href":"https:\/\/moebel-faber.de\/nl\/wp-json\/wp\/v2\/types\/page"}],"author":[{"embeddable":true,"href":"https:\/\/moebel-faber.de\/nl\/wp-json\/wp\/v2\/users\/1"}],"replies":[{"embeddable":true,"href":"https:\/\/moebel-faber.de\/nl\/wp-json\/wp\/v2\/comments?post=4329"}],"version-history":[{"count":2,"href":"https:\/\/moebel-faber.de\/nl\/wp-json\/wp\/v2\/pages\/4329\/revisions"}],"predecessor-version":[{"id":4336,"href":"https:\/\/moebel-faber.de\/nl\/wp-json\/wp\/v2\/pages\/4329\/revisions\/4336"}],"wp:attachment":[{"href":"https:\/\/moebel-faber.de\/nl\/wp-json\/wp\/v2\/media?parent=4329"}],"curies":[{"name":"wp","href":"https:\/\/api.w.org\/{rel}","templated":true}]}}

<section class="l-section wpb_row height_medium full_height valign_center color_primary with_img parallax_ver"><div class="l-section-img" role="img" aria-label="Afbeelding" data-img-width="1000" data-img-height="707" style="background-image: url(https://moebel-faber.de/wp-content/uploads/2024/12/Scala_Amarant_M.png);"></div><div class="l-section-overlay" style="background:linear-gradient(90deg,rgba(255,255,255,0.95),rgba(0,0,0,0.00))"></div><div class="l-section-h i-cf"><div class="g-cols vc_row via_grid cols_1 laptops-cols_inherit tablets-cols_1 mobiles-cols_1 valign_top type_default reversed stacking_default" style="--columns-gap:0rem;"><div class="wpb_column vc_column_container us_custom_e5713a0c"><div class="vc_column-inner"><div class="w-separator size_small"></div><h1 class="w-text us_custom_2369256f has_text_color icon_atleft"><span class="w-text-h"><i class="fal fa-loveseat"></i><span class="w-text-value">Meubilair Lingen</span></span></h1><div class="w-hwrapper valign_middle wrap align_none" style="--hwrapper-gap:3rem"><div class="wpb_text_column us_custom_9e2a34b4 has_text_color"><div class="wpb_wrapper"><p>Vind hoogwaardige en moderne meubels bij Möbel Faber. We helpen je graag bij je zoektocht naar meubels.</p>
</div></div></div></div></div></div></div></section><section class="l-section wpb_row height_medium"><div class="l-section-h i-cf"><div class="g-cols vc_row via_grid cols_3-2 laptops-cols_2 tablets-cols_inherit mobiles-cols_1 valign_middle type_default reversed stacking_default" style="--columns-gap:5%;"><div class="wpb_column vc_column_container"><div class="vc_column-inner"><div class="w-image align_none"><div class="w-image-h"><img decoding="async" width="707" height="1000" src="https://moebel-faber.de/wp-content/uploads/2024/12/AV6000_NCS_S4040_Y50R_AV2135_Kristallweiss_Regalboeden-1.png" class="attachment-large size-large" alt="" loading="lazy" srcset="https://moebel-faber.de/wp-content/uploads/2024/12/AV6000_NCS_S4040_Y50R_AV2135_Kristallweiss_Regalboeden-1.png 707w, https://moebel-faber.de/wp-content/uploads/2024/12/AV6000_NCS_S4040_Y50R_AV2135_Kristallweiss_Regalboeden-1-212x300.png 212w" sizes="auto, (max-width: 707px) 100vw, 707px" /></div></div></div></div><div class="wpb_column vc_column_container"><div class="vc_column-inner"><div class="wpb_text_column"><div class="wpb_wrapper"><h2>Meubilair Lingen</h2>
<p>Koop meubels bij Möbel Faber.</p>
<p>Wil je meubels kopen en ben je op zoek naar een meubelwinkel? Dan ben je bij Möbel Faber aan het juiste adres. We plannen en verkopen al meer dan 29 jaar keukens en meubels. In onze meubelwinkel in Nordhorn bieden we je op een oppervlakte van 700 vierkante meter een grote selectie keukens, keukenapparatuur en meubels van bekende fabrikanten. Alle prijsklassen zijn hier vertegenwoordigd en we adviseren je graag individueel als je geïnteresseerd bent in keukens in Nordhorn of meubels in Nordhorn. Uitgebreide diensten maken ons de ideale partner voor je keukenplanning en de samenstelling van je interieurontwerp. Kies voor een bezoek aan Möbel Faber als je meubels wilt kopen en vooraf deskundig advies wilt krijgen. Tijdens een bezoek aan onze meubelshowroom helpen onze gespecialiseerde adviseurs je om je woonkamer- en keukendromen te realiseren. Met behulp van geavanceerde planningssoftware maken we je droomkeuken tastbaar voor je, nog voor hij bij je thuis arriveert. Onze medewerkers komen bij je thuis, meten de kamers op en wij leveren je meubels stipt op de afgesproken datum in Lingen of op een andere locatie naar keuze. Ons getrainde montagepersoneel zet je meubels of je droomkeuken in elkaar.</p></p>
</div></div></div></div></div></div></section><section class="l-section wpb_row height_medium"><div class="l-section-h i-cf"><div class="g-cols vc_row via_grid cols_1 laptops-cols_inherit tablets-cols_inherit mobiles-cols_1 valign_top type_default stacking_default"><div class="wpb_column vc_column_container"><div class="vc_column-inner"><h2 class="w-text us_custom_169fc2ae"><span class="w-text-h"><span class="w-text-value">Onze diensten</span></span></h2><h5 class="w-text us_custom_c33016e6 has_text_color"><span class="w-text-h"><span class="w-text-value">voor keukens en meubels</span></span></h5><div class="w-separator size_custom" style="height:10px"></div><div class="g-cols wpb_row via_grid cols_3 laptops-cols_inherit tablets-cols_2 mobiles-cols_1 valign_top type_default stacking_default" style="--columns-gap:3rem;"><div class="wpb_column vc_column_container"><div class="vc_column-inner"><div class="w-image has_ratio align_none"><div class="w-image-h"><div style="padding-bottom:150%"></div><img decoding="async" width="750" height="1000" src="https://moebel-faber.de/wp-content/uploads/2024/12/AV6065_Eiche-schwarz_AV5065_NCS_Climber_online_D1.png" class="attachment-large size-large" alt="" loading="lazy" /></div></div></div></div><div class="wpb_column vc_column_container"><div class="vc_column-inner"><div class="w-image has_ratio align_none"><div class="w-image-h"><div style="padding-bottom:150%"></div><img decoding="async" width="750" height="1000" src="https://moebel-faber.de/wp-content/uploads/2024/12/AV6085-GL_Eiche-schwarz_Regal_online_D.png" class="attachment-large size-large" alt="" loading="lazy" /></div></div></div></div><div class="wpb_column vc_column_container"><div class="vc_column-inner"><div class="wpb_text_column us_custom_4481559d"><div class="wpb_wrapper"><ul>
<li>We bieden deskundig specialistisch advies</li>
<li>We gebruiken moderne planningsprogramma&#8217;s</li>
<li>We bezorgen je bestelde meubels bij je thuis</li>
<li>Wij monteren meubels en keukens voor je</li>
<li>We werken met je samen om financieringsopties te ontwikkelen</li>
<li>Advies, planning en installatie &#8211; bij ons krijgt u alles uit één hand</li>
</ul>
</div></div><div class="w-separator size_custom" style="height:10px"></div></div></div></div></div></div></div></div></section><section class="l-section wpb_row us_custom_aad3daff height_medium"><div class="l-section-h i-cf"><div class="g-cols vc_row via_grid cols_2 laptops-cols_inherit tablets-cols_inherit mobiles-cols_1 valign_middle type_default stacking_default" style="--columns-gap:4vw;"><div class="wpb_column vc_column_container us_custom_33b9ee00"><div class="vc_column-inner"><h2 class="w-text us_custom_169fc2ae"><span class="w-text-h"><span class="w-text-value">Meubels voor Lingen</span></span></h2><h5 class="w-text us_custom_c33016e6 has_text_color"><span class="w-text-h"><span class="w-text-value">Keukens en meubels van professionals</span></span></h5><div class="wpb_text_column"><div class="wpb_wrapper"><div class="col-sm-7 col-xs-12 yo-text">
<p>Bij Möbel Faber vind je de juiste contactpersoon als je vragen hebt over meubels voor Lingen en omgeving. We zijn ook je betrouwbare metgezel op weg naar je droomkeuken. Laat je inspireren door onze keukengalerij op de website of bezoek ons rechtstreeks in onze showroom voor meubels en keukens. Je kunt ook aanbiedingen vergelijken op onze website. Heb je al een offerte voor een keuken ontvangen, maar wil je nu een second opinion? Je vindt hier een formulier dat je kunt invullen en naar ons kunt opsturen. We doen je dan graag een niet-bindend vergelijkend aanbod. Heb je al een precies idee van hoe je droomkeuken eruit moet zien? Gebruik onze keukenplanner om je ideeën om te zetten in realiteit en je eigen ideeën te realiseren. Voor meer inspiratie bij het samenstellen van je keuken en het kiezen van je meubelen raden we je aan een kijkje te nemen in onze catalogi. Meubels en keukens van vele bekende fabrikanten staan hier op je te wachten. Vind hier de fabrikant die het beste bij jouw smaak past.</p>
</div>
</div></div><div class="w-separator size_custom" style="height:15px"></div></div></div><div class="wpb_column vc_column_container"><div class="vc_column-inner"><div class="w-image align_none"><div class="w-image-h"><img decoding="async" width="667" height="1000" src="https://moebel-faber.de/wp-content/uploads/2024/12/Kueche_14_Hampton_GL_Umbra_natur_d.png" class="attachment-large size-large" alt="" loading="lazy" srcset="https://moebel-faber.de/wp-content/uploads/2024/12/Kueche_14_Hampton_GL_Umbra_natur_d.png 667w, https://moebel-faber.de/wp-content/uploads/2024/12/Kueche_14_Hampton_GL_Umbra_natur_d-200x300.png 200w" sizes="auto, (max-width: 667px) 100vw, 667px" /></div></div></div></div></div></div></section><section class="l-section wpb_row us_custom_057801f8 height_medium"><div class="l-section-h i-cf"><div class="g-cols vc_row via_grid cols_2 laptops-cols_inherit tablets-cols_inherit mobiles-cols_1 valign_middle type_default stacking_default" style="--columns-gap:4vw;"><div class="wpb_column vc_column_container"><div class="vc_column-inner"><div class="w-image align_none"><div class="w-image-h"><img decoding="async" width="667" height="1000" src="https://moebel-faber.de/wp-content/uploads/2024/12/Kueche_15_2_Porto_GL_Eukalyptus.png" class="attachment-large size-large" alt="" loading="lazy" srcset="https://moebel-faber.de/wp-content/uploads/2024/12/Kueche_15_2_Porto_GL_Eukalyptus.png 667w, https://moebel-faber.de/wp-content/uploads/2024/12/Kueche_15_2_Porto_GL_Eukalyptus-200x300.png 200w" sizes="auto, (max-width: 667px) 100vw, 667px" /></div></div></div></div><div class="wpb_column vc_column_container us_custom_33b9ee00"><div class="vc_column-inner"><h2 class="w-text us_custom_169fc2ae"><span class="w-text-h"><span class="w-text-value">Meubels voor Lingen</span></span></h2><h5 class="w-text us_custom_c33016e6 has_text_color"><span class="w-text-h"><span class="w-text-value">Richt je huis in stijl in</span></span></h5><div class="wpb_text_column"><div class="wpb_wrapper"><p>Bij Möbel Faber &#8211; uw aanspreekpunt voor meubels en keukens in Lingen en omgeving &#8211; kunt u meubels van talrijke fabrikanten verwachten. Omdat we je een breed assortiment producten aanbieden en goede contacten onderhouden met de fabrikanten, zijn speciale verzoeken ook mogelijk. Ons brede assortiment omvat gestoffeerde meubelen, eetkamers, slaapkamers en woonkamers. Gestoffeerde meubels maken een huis echt gezellig. Hier vind je banken, fauteuils en woonlandschappen die worden gekenmerkt door een hoog zitcomfort en een aantrekkelijk ontwerp. Je kunt opbergruimte creëren in de woonkamer met planken, vitrinekasten, ladekasten en dressoirs. De eethoek is vaak het centrale ontmoetingspunt in een huis. Met een voldoende grote eettafel en comfortabele stoelen kun je je eethoek bijzonder uitnodigend maken. Meubels zoals vitrinekasten, ladekasten en dressoirs bieden hier ook opbergruimte. De slaapkamer speelt een speciale rol als plek om je terug te trekken en wordt een plek van welzijn met een knus bed. Ruim je slaapkamer op met ladekasten en garderobekasten van Möbel Faber.</p>
</div></div><div class="w-separator size_custom" style="height:15px"></div><div class="w-btn-wrapper align_none"><a class="w-btn us-btn-style_3" href="https://faber.marketinghuus.de/kontakt/"><span class="w-btn-label">CONTACT ONS</span></a></div></div></div></div></div></section>

Meubilair LingenVind hoogwaardige en moderne meubels bij Möbel Faber. We helpen je graag bij je zoektocht naar meubels. Meubilair Lingen Koop meubels bij Möbel Faber. Wil je meubels kopen en ben je op zoek naar een meubelwinkel? Dan ben je bij Möbel Faber aan het juiste adres. We plannen en verkopen al meer dan 29...
